{"id":101,"date":"2019-11-27T16:49:46","date_gmt":"2019-11-27T16:49:46","guid":{"rendered":"https:\/\/dialyse-organ-aoe.de\/?page_id=101"},"modified":"2026-04-27T19:51:55","modified_gmt":"2026-04-27T19:51:55","slug":"wo-und-wann-wir-uns-treffen","status":"publish","type":"page","link":"http:\/\/dialyse-organ-aoe.de\/?page_id=101","title":{"rendered":"Wo und wann wir uns treffen"},"content":{"rendered":"<p>Unsere monatlichen Treffen finden jeweils Sonntags beim Graminger Weissbr\u00e4u in Alt\u00f6tting statt (Beginn 16.00 Uhr bzw. w\u00e4hrend der Sommerzeit um 17.00 Uhr). Die einzelnen Termine werden in der Presse angek\u00fcndigt bzw. sind im Jahresprogramm ersichtlich.<br \/>\n<span style=\"color: #ff0000;\"><a style=\"color: #ff0000;\" href=\"https:\/\/dialyse-organ-aoe.de\/?page_id=6\">Jahresprogramm 2026<\/a><\/span><\/p>\n<p style=\"text-align: left;\"><span style=\"color: #3366ff;\"><strong>des weiteren gibt es unseren Stammtisch &#8222;Treffpunkt Leben&#8220;<\/strong><\/span><\/p>\n<p><strong>N\u00e4chste Treffen:<\/strong><br \/>\n17.01.2026\u00a0 17:00 Uhr\u00a0 Servus Wally\u00a0 84524 Neu\u00f6tting Burghauserstr.2<br \/>\n28.02.2026\u00a0 17:00 Uhr\u00a0 Pizzeria TROPEA\u00a0 84524 Neu\u00f6tting Bahnhofstr.39<br \/>\n28.03.2026\u00a0 17:00 Uhr\u00a0 Pizzeria TROPEA\u00a0 84524 Neu\u00f6tting Bahnhofstr.39<br \/>\n<span style=\"color: #000000;\">25.04.2026\u00a0 17:00 Uhr\u00a0 <\/span><span style=\"color: #000000;\">FSC Hart e.V. Garching a.d.Alz An der F\u00f6hrenstra\u00dfe<\/span><br \/>\n<span style=\"color: #ff0000;\">30.05.2026<\/span>\u00a0 17:00 Uhr\u00a0 Joelu Burgeria 84524 Neu\u00f6tting Ludwigstr.69<\/p>\n<p><img loading=\"lazy\" decoding=\"async\" class=\"aligncenter size-full wp-image-836\" src=\"http:\/\/dialyse-organ-aoe.de\/wp-content\/uploads\/2026\/03\/Logo2.jpg\" alt=\"\" width=\"797\" height=\"1054\" srcset=\"http:\/\/dialyse-organ-aoe.de\/wp-content\/uploads\/2026\/03\/Logo2.jpg 797w, http:\/\/dialyse-organ-aoe.de\/wp-content\/uploads\/2026\/03\/Logo2-227x300.jpg 227w, http:\/\/dialyse-organ-aoe.de\/wp-content\/uploads\/2026\/03\/Logo2-774x1024.jpg 774w, http:\/\/dialyse-organ-aoe.de\/wp-content\/uploads\/2026\/03\/Logo2-768x1016.jpg 768w\" sizes=\"auto, (max-width: 797px) 100vw, 797px\" \/><br \/>\n<strong>3. Treffen 28-03-2026<\/strong><br \/>\nOsteria-Pizzeria TROPEA\u00a0 Neu\u00f6tting<\/p>\n<p><img loading=\"lazy\" decoding=\"async\" class=\"alignnone size-medium wp-image-862\" src=\"http:\/\/dialyse-organ-aoe.de\/wp-content\/uploads\/2026\/03\/PHOTO-2026-03-28-18-31-28-225x300.jpg\" alt=\"\" width=\"225\" height=\"300\" srcset=\"http:\/\/dialyse-organ-aoe.de\/wp-content\/uploads\/2026\/03\/PHOTO-2026-03-28-18-31-28-225x300.jpg 225w, http:\/\/dialyse-organ-aoe.de\/wp-content\/uploads\/2026\/03\/PHOTO-2026-03-28-18-31-28-768x1024.jpg 768w, http:\/\/dialyse-organ-aoe.de\/wp-content\/uploads\/2026\/03\/PHOTO-2026-03-28-18-31-28-1152x1536.jpg 1152w, http:\/\/dialyse-organ-aoe.de\/wp-content\/uploads\/2026\/03\/PHOTO-2026-03-28-18-31-28.jpg 1500w\" sizes=\"auto, (max-width: 225px) 100vw, 225px\" \/><img loading=\"lazy\" decoding=\"async\" class=\"alignnone size-medium wp-image-864\" src=\"http:\/\/dialyse-organ-aoe.de\/wp-content\/uploads\/2026\/03\/PHOTO-2026-03-28-19-26-58-300x225.jpg\" alt=\"\" width=\"300\" height=\"225\" srcset=\"http:\/\/dialyse-organ-aoe.de\/wp-content\/uploads\/2026\/03\/PHOTO-2026-03-28-19-26-58-300x225.jpg 300w, http:\/\/dialyse-organ-aoe.de\/wp-content\/uploads\/2026\/03\/PHOTO-2026-03-28-19-26-58-1024x768.jpg 1024w, http:\/\/dialyse-organ-aoe.de\/wp-content\/uploads\/2026\/03\/PHOTO-2026-03-28-19-26-58-768x576.jpg 768w, http:\/\/dialyse-organ-aoe.de\/wp-content\/uploads\/2026\/03\/PHOTO-2026-03-28-19-26-58-1536x1152.jpg 1536w, http:\/\/dialyse-organ-aoe.de\/wp-content\/uploads\/2026\/03\/PHOTO-2026-03-28-19-26-58-400x300.jpg 400w, http:\/\/dialyse-organ-aoe.de\/wp-content\/uploads\/2026\/03\/PHOTO-2026-03-28-19-26-58.jpg 2000w\" sizes=\"auto, (max-width: 300px) 100vw, 300px\" \/><\/p>\n<p><img loading=\"lazy\" decoding=\"async\" class=\"alignnone size-medium wp-image-865\" src=\"http:\/\/dialyse-organ-aoe.de\/wp-content\/uploads\/2026\/03\/PHOTO-2026-03-28-19-27-19-300x225.jpg\" alt=\"\" width=\"300\" height=\"225\" srcset=\"http:\/\/dialyse-organ-aoe.de\/wp-content\/uploads\/2026\/03\/PHOTO-2026-03-28-19-27-19-300x225.jpg 300w, http:\/\/dialyse-organ-aoe.de\/wp-content\/uploads\/2026\/03\/PHOTO-2026-03-28-19-27-19-1024x768.jpg 1024w, http:\/\/dialyse-organ-aoe.de\/wp-content\/uploads\/2026\/03\/PHOTO-2026-03-28-19-27-19-768x576.jpg 768w, http:\/\/dialyse-organ-aoe.de\/wp-content\/uploads\/2026\/03\/PHOTO-2026-03-28-19-27-19-1536x1152.jpg 1536w, http:\/\/dialyse-organ-aoe.de\/wp-content\/uploads\/2026\/03\/PHOTO-2026-03-28-19-27-19-400x300.jpg 400w, http:\/\/dialyse-organ-aoe.de\/wp-content\/uploads\/2026\/03\/PHOTO-2026-03-28-19-27-19.jpg 2000w\" sizes=\"auto, (max-width: 300px) 100vw, 300px\" \/><img loading=\"lazy\" decoding=\"async\" class=\"alignnone size-medium wp-image-863\" src=\"http:\/\/dialyse-organ-aoe.de\/wp-content\/uploads\/2026\/03\/PHOTO-2026-03-28-18-31-30-225x300.jpg\" alt=\"\" width=\"225\" height=\"300\" srcset=\"http:\/\/dialyse-organ-aoe.de\/wp-content\/uploads\/2026\/03\/PHOTO-2026-03-28-18-31-30-225x300.jpg 225w, http:\/\/dialyse-organ-aoe.de\/wp-content\/uploads\/2026\/03\/PHOTO-2026-03-28-18-31-30-768x1024.jpg 768w, http:\/\/dialyse-organ-aoe.de\/wp-content\/uploads\/2026\/03\/PHOTO-2026-03-28-18-31-30-1152x1536.jpg 1152w, http:\/\/dialyse-organ-aoe.de\/wp-content\/uploads\/2026\/03\/PHOTO-2026-03-28-18-31-30.jpg 1500w\" sizes=\"auto, (max-width: 225px) 100vw, 225px\" \/><\/p>\n<p>Ein wundersch\u00f6ner lustiger Abend. Lecker Essen, nettes Personal, gute Gespr\u00e4che.<br \/>\nEin toller Treff.<\/p>\n<p>&nbsp;<\/p>\n<p><strong>2. Treffen 28-02-2026<\/strong><br \/>\nOsteria-Pizzeria TROPEA\u00a0 Neu\u00f6tting<\/p>\n<p><img loading=\"lazy\" decoding=\"async\" class=\"alignnone size-medium wp-image-842\" src=\"http:\/\/dialyse-organ-aoe.de\/wp-content\/uploads\/2026\/03\/WhatsApp-Image-2026-02-28-at-18.36.01-1-225x300.jpeg\" alt=\"\" width=\"225\" height=\"300\" srcset=\"http:\/\/dialyse-organ-aoe.de\/wp-content\/uploads\/2026\/03\/WhatsApp-Image-2026-02-28-at-18.36.01-1-225x300.jpeg 225w, http:\/\/dialyse-organ-aoe.de\/wp-content\/uploads\/2026\/03\/WhatsApp-Image-2026-02-28-at-18.36.01-1-768x1024.jpeg 768w, http:\/\/dialyse-organ-aoe.de\/wp-content\/uploads\/2026\/03\/WhatsApp-Image-2026-02-28-at-18.36.01-1-1152x1536.jpeg 1152w, http:\/\/dialyse-organ-aoe.de\/wp-content\/uploads\/2026\/03\/WhatsApp-Image-2026-02-28-at-18.36.01-1.jpeg 1500w\" sizes=\"auto, (max-width: 225px) 100vw, 225px\" \/><img loading=\"lazy\" decoding=\"async\" class=\"alignnone size-medium wp-image-844\" src=\"http:\/\/dialyse-organ-aoe.de\/wp-content\/uploads\/2026\/03\/WhatsApp-Image-2026-02-28-at-18.36.02-3-225x300.jpeg\" alt=\"\" width=\"225\" height=\"300\" srcset=\"http:\/\/dialyse-organ-aoe.de\/wp-content\/uploads\/2026\/03\/WhatsApp-Image-2026-02-28-at-18.36.02-3-225x300.jpeg 225w, http:\/\/dialyse-organ-aoe.de\/wp-content\/uploads\/2026\/03\/WhatsApp-Image-2026-02-28-at-18.36.02-3-768x1024.jpeg 768w, http:\/\/dialyse-organ-aoe.de\/wp-content\/uploads\/2026\/03\/WhatsApp-Image-2026-02-28-at-18.36.02-3-1152x1536.jpeg 1152w, http:\/\/dialyse-organ-aoe.de\/wp-content\/uploads\/2026\/03\/WhatsApp-Image-2026-02-28-at-18.36.02-3.jpeg 1500w\" sizes=\"auto, (max-width: 225px) 100vw, 225px\" \/><\/p>\n<p><img loading=\"lazy\" decoding=\"async\" class=\"alignnone size-medium wp-image-845\" src=\"http:\/\/dialyse-organ-aoe.de\/wp-content\/uploads\/2026\/03\/WhatsApp-Image-2026-02-28-at-18.36.02-1-225x300.jpeg\" alt=\"\" width=\"225\" height=\"300\" srcset=\"http:\/\/dialyse-organ-aoe.de\/wp-content\/uploads\/2026\/03\/WhatsApp-Image-2026-02-28-at-18.36.02-1-225x300.jpeg 225w, http:\/\/dialyse-organ-aoe.de\/wp-content\/uploads\/2026\/03\/WhatsApp-Image-2026-02-28-at-18.36.02-1-768x1024.jpeg 768w, http:\/\/dialyse-organ-aoe.de\/wp-content\/uploads\/2026\/03\/WhatsApp-Image-2026-02-28-at-18.36.02-1-1152x1536.jpeg 1152w, http:\/\/dialyse-organ-aoe.de\/wp-content\/uploads\/2026\/03\/WhatsApp-Image-2026-02-28-at-18.36.02-1.jpeg 1500w\" sizes=\"auto, (max-width: 225px) 100vw, 225px\" \/><img loading=\"lazy\" decoding=\"async\" class=\"alignnone size-medium wp-image-846\" src=\"http:\/\/dialyse-organ-aoe.de\/wp-content\/uploads\/2026\/03\/WhatsApp-Image-2026-02-28-at-18.36.01-2-225x300.jpeg\" alt=\"\" width=\"225\" height=\"300\" srcset=\"http:\/\/dialyse-organ-aoe.de\/wp-content\/uploads\/2026\/03\/WhatsApp-Image-2026-02-28-at-18.36.01-2-225x300.jpeg 225w, http:\/\/dialyse-organ-aoe.de\/wp-content\/uploads\/2026\/03\/WhatsApp-Image-2026-02-28-at-18.36.01-2-768x1024.jpeg 768w, http:\/\/dialyse-organ-aoe.de\/wp-content\/uploads\/2026\/03\/WhatsApp-Image-2026-02-28-at-18.36.01-2-1152x1536.jpeg 1152w, http:\/\/dialyse-organ-aoe.de\/wp-content\/uploads\/2026\/03\/WhatsApp-Image-2026-02-28-at-18.36.01-2.jpeg 1500w\" sizes=\"auto, (max-width: 225px) 100vw, 225px\" \/><\/p>\n<p>&nbsp;<\/p>\n<p><strong>1. Treffen 17-01-2026<\/strong><br \/>\nRestaurant Servus Wally\u00a0 Neu\u00f6tting<\/p>\n<p><img loading=\"lazy\" decoding=\"async\" class=\"alignnone size-medium wp-image-839\" src=\"http:\/\/dialyse-organ-aoe.de\/wp-content\/uploads\/2026\/03\/WhatsApp-Image-2026-01-17-at-19.10.08-225x300.jpeg\" alt=\"\" width=\"225\" height=\"300\" srcset=\"http:\/\/dialyse-organ-aoe.de\/wp-content\/uploads\/2026\/03\/WhatsApp-Image-2026-01-17-at-19.10.08-225x300.jpeg 225w, http:\/\/dialyse-organ-aoe.de\/wp-content\/uploads\/2026\/03\/WhatsApp-Image-2026-01-17-at-19.10.08-768x1024.jpeg 768w, http:\/\/dialyse-organ-aoe.de\/wp-content\/uploads\/2026\/03\/WhatsApp-Image-2026-01-17-at-19.10.08-1152x1536.jpeg 1152w, http:\/\/dialyse-organ-aoe.de\/wp-content\/uploads\/2026\/03\/WhatsApp-Image-2026-01-17-at-19.10.08.jpeg 1500w\" sizes=\"auto, (max-width: 225px) 100vw, 225px\" \/><img loading=\"lazy\" decoding=\"async\" class=\"alignnone size-medium wp-image-841\" src=\"http:\/\/dialyse-organ-aoe.de\/wp-content\/uploads\/2026\/03\/WhatsApp-Image-2026-01-17-at-19.10.09-1-225x300.jpeg\" alt=\"\" width=\"225\" height=\"300\" srcset=\"http:\/\/dialyse-organ-aoe.de\/wp-content\/uploads\/2026\/03\/WhatsApp-Image-2026-01-17-at-19.10.09-1-225x300.jpeg 225w, http:\/\/dialyse-organ-aoe.de\/wp-content\/uploads\/2026\/03\/WhatsApp-Image-2026-01-17-at-19.10.09-1-768x1024.jpeg 768w, http:\/\/dialyse-organ-aoe.de\/wp-content\/uploads\/2026\/03\/WhatsApp-Image-2026-01-17-at-19.10.09-1-1152x1536.jpeg 1152w, http:\/\/dialyse-organ-aoe.de\/wp-content\/uploads\/2026\/03\/WhatsApp-Image-2026-01-17-at-19.10.09-1.jpeg 1500w\" sizes=\"auto, (max-width: 225px) 100vw, 225px\" \/><\/p>\n<p>&nbsp;<\/p>\n<p>&nbsp;<\/p>\n<p>&nbsp;<\/p>\n<p>&nbsp;<\/p>\n<p>&nbsp;<\/p>\n<p>&nbsp;<\/p>\n","protected":false},"excerpt":{"rendered":"<p>Unsere monatlichen Treffen finden jeweils Sonntags beim Graminger Weissbr\u00e4u in Alt\u00f6tting statt (Beginn 16.00 Uhr bzw. w\u00e4hrend der Sommerzeit um 17.00 Uhr). Die einzelnen Termine werden in der Presse angek\u00fcndigt bzw. sind im Jahresprogramm ersichtlich. Jahresprogramm 2026 des weiteren gibt &hellip; <a href=\"http:\/\/dialyse-organ-aoe.de\/?page_id=101\">Weiterlesen <span class=\"meta-nav\">&rarr;<\/span><\/a><\/p>\n","protected":false},"author":1,"featured_media":427,"parent":11,"menu_order":0,"comment_status":"closed","ping_status":"closed","template":"","meta":{"footnotes":""},"class_list":["post-101","page","type-page","status-publish","has-post-thumbnail","hentry"],"_links":{"self":[{"href":"http:\/\/dialyse-organ-aoe.de\/index.php?rest_route=\/wp\/v2\/pages\/101","targetHints":{"allow":["GET"]}}],"collection":[{"href":"http:\/\/dialyse-organ-aoe.de\/index.php?rest_route=\/wp\/v2\/pages"}],"about":[{"href":"http:\/\/dialyse-organ-aoe.de\/index.php?rest_route=\/wp\/v2\/types\/page"}],"author":[{"embeddable":true,"href":"http:\/\/dialyse-organ-aoe.de\/index.php?rest_route=\/wp\/v2\/users\/1"}],"replies":[{"embeddable":true,"href":"http:\/\/dialyse-organ-aoe.de\/index.php?rest_route=%2Fwp%2Fv2%2Fcomments&post=101"}],"version-history":[{"count":18,"href":"http:\/\/dialyse-organ-aoe.de\/index.php?rest_route=\/wp\/v2\/pages\/101\/revisions"}],"predecessor-version":[{"id":936,"href":"http:\/\/dialyse-organ-aoe.de\/index.php?rest_route=\/wp\/v2\/pages\/101\/revisions\/936"}],"up":[{"embeddable":true,"href":"http:\/\/dialyse-organ-aoe.de\/index.php?rest_route=\/wp\/v2\/pages\/11"}],"wp:featuredmedia":[{"embeddable":true,"href":"http:\/\/dialyse-organ-aoe.de\/index.php?rest_route=\/wp\/v2\/media\/427"}],"wp:attachment":[{"href":"http:\/\/dialyse-organ-aoe.de\/index.php?rest_route=%2Fwp%2Fv2%2Fmedia&parent=101"}],"curies":[{"name":"wp","href":"https:\/\/api.w.org\/{rel}","templated":true}]}}